(c).
4
Let r(g) = -g**2 + 5*g + 4. Let w be 2/(-11) + 272/44. Give r(w).
-2
Suppose -5*k + 6 = -4*k. Let z = -4 + k. Let g(i) = -3 - i**3 + i**z - 5*i**2 - 1. Determine g(-4).
-4
Let k = -1 + -4. Let b(g) = -g**2 - g + 10. Let d(y) = -2*y**2 - 3*y + 19. Let h(i) = k*b(i) + 3*d(i). Calculate h(-5).
2
Let d be 6/4 + 72/16. Suppose -d = -13*p + 11*p. Let r(c) = -c**3 + 2*c**2 + 2*c - 4. Give r(p).
-7
Let r(o) = o**3 + 5*o**2 + 4*o + 5. Let g be (3/2)/(18/96). Let q = 4 - g. Determine r(q).
5
Let b = 2/35 + 23/210. Let q(i) be the third derivative of b*i**3 + 0*i - 1/6*i**4 + 1/60*i**5 + 3*i**2 + 0. What is q(3)?
-2
Suppose 9*s = 5*s + 24. Let p(d) = d - 2. Determine p(s).
4
Let y = -2 - -6. Let r(g) = -y*g**2 - 2*g**2 - 3*g**2. Suppose 2*v + 0*v + h + 3 = 0, -2*v + 5*h + 3 = 0. Determine r(v).
-9
Let z(o) = -o - 6. Let f be (-38)/10 - 4 - (-1)/(-5). What is z(f)?
2
Suppose -3*a = -4*a + 4. Suppose -4*p - 4*d = -2*p + 22, -a*d = -2*p + 2. Let z(c) = c**2 + 8*c + 7. Determine z(p).
-8
Let o(i) be the third derivative of -i**5/30 + i**3/3 - i**2. Let v(t) be the first derivative of o(t). Calculate v(-2).
8
Let f(w) = -5*w. Let v(a) = a. Let h(u) = 2*f(u) + 11*v(u). Calculate h(6).
6
Suppose -j - 1 = 2. Let o(h) = -h**2 - 2*h + 3. Determine o(j).
0
Suppose 0*d - d = m - 4, 0 = 3*m + d - 10. Suppose -2*j = 3*j + 2*w + 16, w = -m*j - 9. Let g be 12/j - (-6 - -5). Let v(i) = -i**2 - 4*i. What is v(g)?
-5
Let t(f) = 0*f - 2 + 4 + f. Let m be 2/8 + (-39)/12. Let p be (10/4 + m)*-6. Give t(p).
5
Suppose -5*p + 1 = -4*f - 12, 5*p = f - 8. Let c(r) = -3*r - 6. Determine c(f).
15
Let s = 92 - 96. Let h(y) = -y**3 - 4*y**2 - 2*y - 3. What is h(s)?
5
Let i(o) be the third derivative of -1/8*o**4 + o**2 + 1/3*o**3 - 1/60*o**6 + 0*o + 0 + 1/15*o**5. Give i(2).
-4
Let g(p) be the first derivative of 0*p + 1/60*p**5 + 1/8*p**4 - 1/6*p**3 - 2 + p**2. Let z(b) be the second derivative of g(b). What is z(-3)?
-1
Let c(m) = m + 4*m**2 - 2*m**2 - 1 + 10 - m**2. Let a = 0 - 0. Calculate c(a).
9
Let s(q) = q**2 + 7*q - 9. Let p(l) = -2*l**2 + 5*l - 4. Let n be p(3). Calculate s(n).
-9
Let l(r) = r**2 + 10*r + 10. Let x be l(-9). Let s(i) = -4*i**2. Determine s(x).
-4
Let r(f) = -f**3 + 6*f**2 - 6*f + 2. Let s(t) = -t**2 - t + 2*t**2 - 4 + 5*t. Let p be s(-5). Let w = p - -4. What is r(w)?
-3
Let b(t) = t**3 - 8*t**2 + 8*t - 3. Let o be b(7). Let d(j) be the first derivative of j**4/4 - 5*j**3/3 + 5*j**2/2 - 8. Give d(o).
4
Let l(m) = 0*m**2 + m**3 - 2*m**2 + 7*m**2 - 3*m - 5. Let p(q) = 3*q - 15. Let v be p(10). Suppose -9*o = -12*o - v. Determine l(o).
10
Let r(k) be the third derivative of k**7/2520 - k**6/180 - k**5/30 - k**4/12 - k**2. Let q(h) be the second derivative of r(h). Determine q(5).
1
Let a(r) = r + r**2 + 3*r - 5 + 0*r. Calculate a(-6).
7
Let y(n) = -7*n**2 + n. Suppose 5*a + 16 + 4 = -5*k, 20 = -5*k. Suppose 1 = -i - a*i. Determine y(i).
-8
Let c(x) = -x**3 + x**2 - 2. Let f(u) = -u**3 - 4*u**2 + 4*u - 7. Let m = -4 - -7. Suppose -4*w = -m*a + 11, 4*w + 2*a - 7 = -33. Let b be f(w). Give c(b).
10
Let i(j) = -8*j**3 - 2*j - 1. Let v be 18/(-27)*6/(-4). Let s be 0/(4/2 - 0). Suppose g + v = -s. Give i(g).
9
Let l(q) be the third derivative of q**5/60 - q**4/4 + 7*q**3/6 + 3*q**2. Let u be l(5). Let a(g) = -7*g + 3. Calculate a(u).
-11
Let z(v) = 2*v**2 - v + 1. Let x(g) = g**3 + 10*g**2 + 8*g - 8. Let y be x(-9). Determine z(y).
2
Suppose -3*v = 2*v + 5*q + 5, 0 = -3*v + q + 9. Let m(t) = -2*t + 22*t**2 + 21*t**2 - 42*t**2. Calculate m(v).
0
Let j(w) = 8*w**3 - 3*w**2 + 29. Let k(c) = -4*c**2 - 10 + 4*c**2 - 3*c**3 + c**2. Let l(r) = 4*j(r) + 11*k(r). What is l(0)?
6
Let n(h) = h - 5 + 0 + 4*h - 1. Give n(4).
14
Let f = -3/1540 + 4/77. Let g(y) be the second derivative of -2*y + 0 + 5/2*y**2 - 5/12*y**4 - 2/3*y**3 - f*y**5. Give g(-4).
5
Let v(l) = -1 + 0 + l - 2*l. Give v(4).
-5
Let p(f) = -f**2 + 5*f - 4. Let i be p(3). Suppose 0*o = 3*o. Let l(y) = -2*y - 1 + 4*y - y**2 + o. Determine l(i).
-1
Suppose -28*h + 22*h = 0. Let k(p) = -p**2 - p - 5. Give k(h).
-5
Let m(s) be the first derivative of -s**2/2 + 22*s - 29. Give m(0).
22
Let m be ((-2)/(-4)*-1)/(3/12). Let p(i) be the third derivative of 0*i + 1/24*i**4 + 0 - 2*i**2 + 1/30*i**5 - 1/3*i**3. Determine p(m).
4
Let p(y) = -4*y + 2*y - y + 4 + y. What is p(3)?
-2
Let o = -62 - -56. Let c(a) = a**2 + 10*a + 7. What is c(o)?
-17
Let j(m) = -m**3 + 5*m**2 + m - 4. Let b = 8 - 4. Determine j(b).
16
Let y be (-3)/(2/2*1). Let r(i) be the first derivative of i**3/6 + i**2/2 - i - 1. Let g(a) be the first derivative of r(a). Determine g(y).
-2
Let n(u) be the third derivative of u**2 + 0*u**4 + 1/3*u**3 + 0 + 0*u + 1/60*u**5. Give n(3).
11
Let z(g) = g - 1. Let y(s) be the second derivative of 0 - 1/6*s**3 - 1/2*s**2 + s. Let c(i) = 2*y(i) - z(i). Give c(1).
-4
Suppose 3*v + j = 1, 4*v = 2*j + 19 - 1. Let z(c) = 1 - c + 2 - v. Determine z(1).
0
Let d(v) = v + 8. Let h be d(-6). Suppose -3*r + 12 = 2*m, -m = -h*r + 8 - 0. Let a(x) = 2*x + m*x - 2 - 4*x. What is a(4)?
-10
Let i = -62 + 62. Let n(l) = l**3 + l**2 + l - 7. Give n(i).
-7
Let l(b) = -5*b + 1. Let z(c) = 9 + 4*c**2 + 6*c - 5*c**2 + c - 2. Let y(j) = j + 8. Let q be y(0). Let i be z(q). What is l(i)?
6
Let n = -6 + 4. Suppose 0 = 4*w - w - 6. Let d(y) = -2*y**2 + w*y - 4*y - 1 + 0*y**2. Give d(n).
-5
Let r(a) = 5*a. Let u(l) = 10*l. Let t(h) = 5*r(h) - 2*u(h). What is t(-1)?
-5
Let o(n) = -n - 27 + 0*n + 18 + 10 - 10*n**2. Give o(1).
-10
Let f(a) = a**3 + a**2 - 2. Let y(r) = -r**2 - 10*r - 6. Let p be y(-10). Let b = p + 6. Calculate f(b).
-2
Let c(f) = 11 - 8*f + 20*f - 13*f. Calculate c(11).
0
Suppose 0 = y - 0*y + 5. Let a(u) = 2*u. Give a(y).
-10
Let n be -1 + 4 - (-14 - -5). Suppose 0 = s + 2*s + n. Let c(u) = -u**2 - 5*u - 3. Give c(s).
1
Let b(l) = -l**2 - 5*l - 4. Let q be b(-4). Let s(f) = q + 3 - 4 + 0 - 2*f. Calculate s(-2).
3
Let k(v) be the second derivative of v**5/20 - 5*v**4/12 - v**3/3 - v**2 + 18*v. Determine k(5).
-12
Let i(r) = r**2 + r - 9. Let m be (-4)/22 + (-53)/11. Let z = m - -5. Give i(z).
-9
Suppose 2*r + f = 3*r - 3, 5*r - 15 = -3*f. Suppose -3*n - 2 = -n, -3*d - r*n = -6. Suppose 0*o = d*o - 12. Let s(h) = -h + 1. What is s(o)?
-3
Suppose -3*z = -7*z - 16. Let t(u) = u**2 + 6*u + 6. Determine t(z).
-2
Let z(w) = -w + 3. Let l = -14 - -16. Give z(l).
1
Let s = 17 + -17. Let v(u) = -u**3 + u**2 + u + 4. Calculate v(s).
4
Let s(q) be the first derivative of -q**2/2 - 7*q + 14. Calculate s(-4).
-3
Let i(d) = -d - 3. Let n be (2 - (-4 + 6))/(-1). What is i(n)?
-3
Let t(j) = 3*j + 3. Let z = 19 + -21. Determine t(z).
-3
Let n(i) = -i**3 - 5*i**2. Let k be n(-5). Let w(q) be the third derivative of -q**5/60 - q**4/24 + 3*q**3/2 - 29*q**2. What is w(k)?
9
Let l(n) = -n**3 - 5*n**2 + 5*n + 8. Let s(x) = x**2 + 4*x - 6. Let d be s(-4). Give l(d).
14
Let d(i) = 4*i**3 - 2*i**2 + 1. Let s be d(1). Let t(c) = 4 - 2*c + 4*c + 0*c - c. What is t(s)?
7
Let f(r) be the third derivative of -r**4/8 - 7*r**3/6 - 7*r**2. Calculate f(7).
-28
Let c(t) = 3*t**2 - 2*t - 3. Let r(y) = 4*y**2 - y - 2. Let s(f) = -2*c(f) + 3*r(f). Give s(-1).
5
Let v(f) = 7*f**2 - 16*f + 15. Let s(h) = h**2 - 8*h + 7. Let y(l) = 4*l**2 - 40*l + 35. Let a(g) = -11*s(g) + 2*y(g). Let w(z) = 9*a(z) + 4*v(z). Give w(-8).
-3
Let b(m) = 2*m**3 + 2*m**2 + m. Suppose -6*z - 18 = -t - 2*z, 20 = -5*z. Let s be 35/(-42) - t/12. What is b(s)?
-1
Let y(f) = -f**2 - 1 + 4 - 2 + 3*f**2 - 6*f. Let p(k) = 2*k**2 - 6*k + 1. Let v(l) = 2*p(l) - 3*y(l). Let t = -1 - -5. Give v(t).
-9
Suppose 33 + 5 = 3*u - 2*d, u = -4*d - 6. Let y(a) = 0*a + u*a - 6*a - 5*a. What is y(5)?
-5
Let p(w) = -w**3 - 7*w**2 - 6*w + 2. Let z(y) = y + 1. Let o(n) = p(n) - 3*z(n). What is o(-6)?
17
Let b(k) = 2*k**3 - 2*k**2 - 3*k + 2. Let v(a) = a**3 - 10*a**2 + 10*a - 7. Let r be v(9). Suppose -s + 9 = -5*m - 3, r*s - 4*m = 12. What is b(s)?
4
Let y(t) = -11*t**2 - t - 1. Let g(b) = -b**2 + 2*b - 1 - 2*b - 14*b. Let d be g(-14). Give y(d).
-11
Let r(h) = h + 8. Let i be r(-9). Let v(s) be the second derivative of 0 + 1/2*s**2 - 7/12*s**4 + s + 0*s**3. Give v(i).
-6
Let p(r) = r**2 + 4*r**2 + 6*r + 0*r**2 + 6*r**2. Let m(o) = 10*o**2 + 5*o. Let a(d) = -6*m(d) + 5*p(d). Calculate a(1).
-5
Let s be (16/(-2